ided by 2353.
48
What is the remainder when 51147 is divided by 1840?
1467
Calculate the remainder when 6399961 is divided by 6399924.
37
What is the remainder when 4333947 is divided by 1580?
7
What is the remainder when 951197 is divided by 104?
13
What is the remainder when 19414359 is divided by 258858?
9
Calculate the remainder when 6864 is divided by 51.
30
What is the remainder when 134136 is divided by 648?
0
Calculate the remainder when 1308957 is divided by 1841.
6
What is the remainder when 5340477 is divided by 159?
144
What is the remainder when 772988 is divided by 21?
20
Calculate the remainder when 5693642 is divided by 237.
191
What is the remainder when 1975415 is divided by 68?
15
Calculate the remainder when 2949385 is divided by 737331.
61
What is the remainder when 1765296 is divided by 1270?
1266
Calculate the remainder when 36645349 is divided by 237.
172
Calculate the remainder when 5679 is divided by 193.
82
Calculate the remainder when 4682976 is divided by 41.
38
What is the remainder when 339709545 is divided by 103?
95
What is the remainder when 135046 is divided by 22438?
418
Calculate the remainder when 41486297 is divided by 1021.
4
What is the remainder when 510085 is divided by 46?
37
Calculate the remainder when 22353 is divided by 3827.
3218
Calculate the remainder when 276922 is divided by 69128.
410
What is the remainder when 19163851 is divided by 65?
31
Calculate the remainder when 281082 is divided by 9355.
432
What is the remainder when 1605008 is divided by 524?
520
Calculate the remainder when 31664 is divided by 583.
182
Calculate the remainder when 2194515 is divided by 402.
399
What is the remainder when 1509353 is divided by 2181?
101
What is the remainder when 444129 is divided by 681?
117
Calculate the remainder when 582352540 is divided by 967.
965
Calculate the remainder when 19402271 is divided by 172.
155
Calculate the remainder when 1227012 is divided by 245392.
52
Calculate the remainder when 405080 is divided by 630.
620
Calculate the remainder when 103931098 is divided by 62.
2
What is the remainder when 6773088 is divided by 63896?
112
Calculate the remainder when 18849 is divided by 3022.
717
What is the remainder when 48335 is divided by 2894?
2031
What is the remainder when 27157968 is divided by 121?
2
What is the remainder when 16920462 is divided by 1397?
1395
What is the remainder when 282588 is divided by 7827?
816
What is the remainder when 3411519 is divided by 87459?
618
What is the remainder when 159464 is divided by 100?
64
Calculate the remainder when 42039 is divided by 7640.
3839
What is the remainder when 838436 is divided by 12?
8
Calculate the remainder when 9175843 is divided by 1085.
1083
What is the remainder when 252136 is divided by 252?
136
What is the remainder when 15005868 is divided by 1752?
1740
What is the remainder when 20503779 is divided by 215?
89
Calculate the remainder when 16854851 is divided by 29.
22
Calculate the remainder when 51129917 is divided by 783.
17
Calculate the remainder when 17314304 is divided by 209.
117
Calculate the remainder when 6970697 is divided by 1005.
17
Calculate the remainder when 480262 is divided by 469.
6
What is the remainder when 649314 is divided by 1754?
334
What is the remainder when 601912 is divided by 40119?
127
Calculate the remainder when 537238 is divided by 31602.
4
What is the remainder when 6066982 is divided by 606693?
52
What is the remainder when 111964225 is divided by 372?
37
Calculate the remainder when 13054413 is divided by 3263603.
1
Calculate the remainder when 84490241 is divided by 171.
167
What is the remainder when 390827 is divided by 560?
507
What is the remainder when 177607 is divided by 4727?
2708
Calculate the remainder when 12165353 is divided by 918.
17
Calculate the remainder when 264591 is divided by 3112.
71
Calculate the remainder when 358601 is divided by 51202.
187
What is the remainder when 291350 is divided by 3510?
20
Calculate the remainder when 695457 is divided by 747.
0
What is the remainder when 36373770 is divided by 133?
132
Calculate the remainder when 6196794 is divided by 3098373.
48
Calculate the remainder when 10207343 is divided by 1429.
1425
Calculate the remainder when 80193015 is divided by 72.
63
Calculate the remainder when 476613 is divided by 6349.
438
What is the remainder when 114338145 is divided by 80?
65
Calculate the remainder when 184059 is divided by 5150.
3809
What is the remainder when 2553953 is divided by 478?
477
What is the remainder when 1242186 is divided by 112924?
22
Calculate the remainder when 10936779 is divided by 76.
75
Calculate the remainder when 1424887 is divided by 114.
1
What is the remainder when 1924051 is divided by 2131?
1889
Calculate the remainder when 987330 is divided by 27.
21
What is the remainder when 306983 is divided by 1327?
446
What is the remainder when 550519003 is divided by 3316?
3315
Calculate the remainder when 528394 is divided by 131968.
522
What is the remainder when 1507879 is divided by 753889?
101
What is the remainder when 2773409 is divided by 31877?
110
Calculate the remainder when 462991 is divided by 53.
36
What is the remainder when 1021225 is divided by 340285?
370
Calculate the remainder when 9350643 is divided by 865.
858
What is the remainder when 6966080 is divided by 183?
2
Calculate the remainder when 4338261 is divided by 196.
193
Calculate the remainder when 454357 is divided by 34949.
20
What is the remainder when 976054 is divided by 1245?
1219
Calculate the remainder when 142626 is divided by 35558.
394
Calculate the remainder when 1481137 is divided by 70528.
49
What is the remainder when 492600 is divided by 37405?
6335
What is the remainder when 2287638 is divided by 2009?
1396
What is the remainder when 196862616 is divided by 259371?
27
Calculate the remainder when 6461607 is divided by 266.
201
Calculate the remainder when 3772505 is divided by 419123.
398
Calculate the remainder when 1644460 is divided by 43275.
10
What is the remainder when 9091599 is divided by 764?
763
What is the remainder when 15983706 is divided by 46873?
13
What is the remainder when 617105 is divided by 2897?
44
Calculate the remainder when 225029 is divided by 112496.
37
What is the remainder when 12907 is divided by 12771?
136
What is the remainder when 231287 is divided by 4000?
3287
What is the remainder when 118280 is divided by 29?
18
Calculate the remainder when 7594643 is divided by 1061.
5
What is the remainder when 101928 is divided by 116?
80
Calculate the remainder when 42350 is divided by 38014.
4336
What is the remainder when 6928098 is divided by 86601?
18
Calculate the remainder when 1085316 is divided by 269.
170
Calculate the remainder when 3252167 is divided by 1529.
1513
Calculate the remainder when 752850 is divided by 83640.
90
Calculate the remainder when 5813586 is divided by 26.
12
What is the remainder when 38110422 is divided by 624761?
1
What is the remainder when 3624013 is divided by 451?
228
What is the remainder when 11104029 is divided by 1128?
1125
Calculate the remainder when 849626 is divided by 223.
219
What is the remainder when 2185619 is divided by 95006?
481
Calculate the remainder when 43971 is divided by 977.
6
What is the remainder when 1031055 is divided by 4045?
3625
What is the remainder when 83259 is divided by 1570?
49
What is the remainder when 27206269 is divided by 8976?
13
What is the remainder when 3754685 is divided by 1883?
1866
Calculate the remainder when 50736056 is divided by 751.
749
What is the remainder when 3492263 is divided by 107?
104
Calculate the remainder when 860012 is divided by 27.
8
Calculate the remainder when 83968268 is divided by 3109935.
23
What is the remainder when 647000 is divided by 646349?
651
What is the remainder when 7964050 is divided by 13972?
10
What is the remainder when 79980 is divided by 6812?
5048
Calculate the remainder when 118329091 is divided by 13.
10
What is the remainder when 186739 is divided by 21?
7
What is the remainder when 570351 is divided by 51846?
45
Calculate the remainder when 2898822 is divided by 573.
15
Calculate the remainder when 2136294 is divided by 1056.
6
What is the remain